or of 3936268 and 63574?
266
Calculate the greatest common divisor of 53147086 and 2.
2
What is the highest common factor of 4186 and 868195237?
2093
Calculate the greatest common factor of 14283908 and 492.
164
What is the greatest common factor of 42534 and 2162562?
834
What is the greatest common factor of 132 and 59048484?
132
Calculate the greatest common divisor of 8169 and 2598909.
1167
Calculate the greatest common factor of 29981832 and 456.
24
What is the greatest common divisor of 103403 and 3233?
53
What is the highest common divisor of 384 and 11176096?
32
What is the greatest common factor of 17746 and 107084?
38
What is the highest common factor of 16026227 and 21?
7
What is the highest common factor of 195888 and 8767472?
5936
Calculate the highest common factor of 102382308 and 21.
21
Calculate the highest common divisor of 15335180 and 140.
140
What is the highest common factor of 127 and 148529167?
127
Calculate the greatest common factor of 16735003 and 8133.
2711
What is the greatest common factor of 415575449 and 53307?
5923
What is the highest common divisor of 647950 and 4150?
50
Calculate the greatest common factor of 4109080 and 125990.
430
What is the highest common divisor of 45467 and 167368813?
2393
Calculate the highest common divisor of 58721616 and 18.
18
Calculate the highest common divisor of 2512 and 74548624.
2512
Calculate the highest common factor of 39300606 and 2070.
414
What is the highest common factor of 480 and 26248?
8
Calculate the highest common factor of 41404 and 55.
11
Calculate the greatest common divisor of 94997976 and 3433.
3433
Calculate the highest common divisor of 30143 and 625349.
43
What is the highest common factor of 22670325 and 18?
9
Calculate the highest common factor of 128418 and 230418.
102
Calculate the highest common factor of 82644 and 7558092.
852
What is the greatest common factor of 186 and 11246769?
93
Calculate the greatest common factor of 1086 and 29028056.
362
Calculate the highest common divisor of 12664421 and 1771.
1771
Calculate the highest common divisor of 2994348265 and 12535.
12535
Calculate the highest common factor of 132640550 and 1050.
350
Calculate the greatest common factor of 378295220 and 14450.
2890
What is the greatest common divisor of 61709 and 956708?
23
Calculate the highest common factor of 63215 and 620045.
1345
Calculate the highest common divisor of 52050 and 48630.
30
Calculate the greatest common divisor of 30889 and 13100965.
1343
What is the greatest common divisor of 334547280 and 160?
80
What is the greatest common divisor of 69663 and 28809?
33
What is the highest common factor of 44347500 and 81468?
2628
What is the highest common factor of 173338 and 891?
11
Calculate the greatest common factor of 1602 and 25535880.
1602
Calculate the highest common factor of 8360 and 360810.
190
What is the highest common factor of 229120 and 1742080?
1280
Calculate the highest common factor of 280 and 844515.
35
Calculate the highest common factor of 8426 and 4858634.
22
What is the greatest common factor of 6402 and 938863?
97
What is the greatest common factor of 3031 and 2424367?
433
Calculate the greatest common divisor of 3439 and 74347.
19
What is the highest common factor of 40158 and 7044237?
873
What is the highest common factor of 67379 and 1228006?
949
Calculate the greatest common factor of 20788 and 281162897.
5197
Calculate the highest common factor of 445349 and 301648.
17
Calculate the highest common factor of 79480434 and 462.
66
What is the greatest common divisor of 37197509 and 46?
23
What is the greatest common factor of 73367 and 1337777?
1561
What is the greatest common divisor of 18 and 21206898?
18
What is the highest common divisor of 344235 and 28620?
795
What is the highest common divisor of 138673 and 455813?
101
What is the highest common divisor of 9483795 and 42705?
3285
What is the highest common factor of 220402 and 48853?
49
Calculate the highest common factor of 7799260 and 15470.
1190
Calculate the highest common divisor of 1078122362 and 5099.
5099
What is the greatest common divisor of 2370718 and 544?
34
Calculate the highest common divisor of 26450 and 1153550.
50
Calculate the highest common divisor of 3462 and 106441498.
1154
Calculate the greatest common divisor of 17811871 and 77.
77
Calculate the greatest common divisor of 124 and 7093234.
62
Calculate the greatest common divisor of 2627 and 844636.
37
Calculate the greatest common factor of 7699181 and 161483.
2737
What is the highest common factor of 4 and 2557884?
4
What is the greatest common divisor of 444 and 28499388?
12
Calculate the highest common factor of 176 and 451418.
22
Calculate the greatest common factor of 2042560 and 18752.
64
What is the highest common factor of 8703615 and 8265?
285
What is the highest common factor of 1267 and 6758178?
1267
Calculate the highest common factor of 104796 and 368508.
492
Calculate the highest common factor of 79093 and 616.
7
Calculate the greatest common factor of 5348 and 15631532.
28
What is the greatest common divisor of 667052 and 1292?
76
Calculate the greatest common factor of 37990563 and 663.
663
Calculate the greatest common divisor of 271867530 and 30.
30
What is the highest common factor of 372 and 3739332?
12
What is the highest common divisor of 25168 and 236912?
208
What is the highest common divisor of 246281 and 39109?
1057
What is the greatest common divisor of 15525 and 14068755?
3105
Calculate the highest common divisor of 34727 and 274946.
287
What is the greatest common divisor of 14828470 and 820?
410
What is the greatest common factor of 972513 and 76563?
1629
What is the greatest common divisor of 1768375 and 2491?
47
What is the greatest common divisor of 1302 and 7949082?
186
Calculate the greatest common factor of 4472 and 844792.
104
Calculate the greatest common factor of 574 and 637386.
82
Calculate the greatest common factor of 30762178 and 67222.
2318
Calculate the greatest common factor of 5445346 and 1062.
118
Calculate the highest common factor of 9 and 19460574.
9
What is the highest common factor of 321710 and 1590000?
530
What is the greatest common divisor of 128340 and 11589660?
5580
What is the highest common divisor of 21757454 and 848?
106
What is the greatest common divisor of 221 and 62444213?
221
Calculate the greatest common factor of 88749406 and 2.
2
What is the greatest common divisor of 5607 and 609161301?
5607
Calculate the highest common divisor of 165 and 67549185.
165
Calculate the highest common factor of 180 and 261898020.
180
Calculate the highest common factor of 314921 and 124.
1
Calculate the greatest common divisor of 12 and 1874297904.
12
What is the greatest common divisor of 31125 and 2211535?
415
Calculate the greatest common factor of 311 and 404988865.
311
What is the highest common factor of 4221 and 582642452?
469
What is the highest common factor of 7976 and 125000?
8
Calculate the greatest common factor of 44788364 and 17332.
2476
What is the greatest common divisor of 3939 and 179858982?
303
Calculate the highest common divisor of 104 and 1368153.
1
Calculate the highest common factor of 80 and 56042200.
40
What is the highest common divisor of 824170 and 123078?
146
What is the greatest common divisor of 1218 and 49537887?
609
What is the highest common factor of 40715 and 147645?
85
What is the greatest common divisor of 26822440 and 700220?
4460
Calculate the greatest common factor of 235564092 and 189.
27
What is the greatest common factor of 255268995 and 1005?
1005
Calculate the greatest common divisor of 281666 and 39676714.
4774
Calculate the highest common divisor of 17247982 and 1388.
694
What is the highest common factor of 155130491 and 17?
17
Calculate the highest common factor of 927 and 34746741.
927
What is the greatest common factor of 191875 and 93750?
625
Calculate the greatest common divisor of 24 and 173736924.
12
Calculate the highest common divisor of 7738 and 427745033.
3869
Calculate the greatest common factor of 8988361 and 2051.
293
What is the greatest common divisor of 747 and 2274781?
83
Calculate the greatest common factor of 290 and 1859050.
10
What is the greatest common divisor of 16 and